{"id":343,"date":"2024-01-02T12:27:55","date_gmt":"2024-01-02T11:27:55","guid":{"rendered":"https:\/\/lavoixdubumuntu.com\/?post_type=product&#038;p=343"},"modified":"2024-04-30T09:23:03","modified_gmt":"2024-04-30T07:23:03","slug":"la-danseuse-du-vent-sacre","status":"publish","type":"product","link":"https:\/\/lavoixdubumuntu.com\/index.php\/produit\/la-danseuse-du-vent-sacre\/","title":{"rendered":"La danseuse du vent sacr\u00e9"},"content":{"rendered":"<p><strong>E-book, format pdf du conte &#8221; La danseuse du vent sacr\u00e9 &#8220;, version fran\u00e7aise.<\/strong><\/p>\n<p>C\u2019est l\u2019histoire de Aya. Une jeune danseuse connect\u00e9e \u00e0 l\u2019esprit du vent sacr\u00e9 des terres de Katiopa.<\/p>\n<p>Dans un monde o\u00f9 la danse est la langage de l&#8217;\u00e2me, Aya d\u00e9voile sa connexion profonde au myst\u00e8re du Vent Sacr\u00e9.<\/p>\n<p>&#8221; Les contes et l\u00e9gendes de katiopa&#8221; : un havre de storytelling du Katiopa contemporain.C\u2019est un portail dynamique o\u00f9 les contes, l\u00e9gendes et mythes ancestraux prennent vie \u00e0 l&#8217;\u00e8re num\u00e9rique.<\/p>\n<p>Les contes issus de tout le continent, fusionnent tradition et modernit\u00e9 pour cr\u00e9er des r\u00e9cits captivants. Karachimono r\u00e9invente l&#8217;h\u00e9ritage narratif de Katiopa pour une audience mondiale avide de d\u00e9couvertes et d&#8217;\u00e9merveillement.<\/p>\n<p>&nbsp;<\/p>\n","protected":false},"excerpt":{"rendered":"<p><strong>La danseuse du vent sacr\u00e9 : e-book, pdf<\/strong><\/p>\n<ul>\n<li>e-book : format pdf<\/li>\n<li>\u00e2ge de lecture : 3 ans et +<\/li>\n<li>nombres de pages : 47<\/li>\n<li>illustr\u00e9<\/li>\n<li>auteure : Miny Bayot<\/li>\n<li>disponible aussi dans sa version livre broch\u00e9 <a href=\"https:\/\/www.amazon.fr\/danseuse-du-vent-sacr%C3%A9\/dp\/B0CJLCLTMV\/ref=sr_1_1?__mk_fr_FR=%C3%85M%C3%85%C5%BD%C3%95%C3%91&amp;crid=2O3RWFYB9FQB8&amp;keywords=miny+bayot&amp;qid=1704195075&amp;s=books&amp;sprefix=miny+bayot%2Cstripbooks%2C72&amp;sr=1-1\">ici<\/a><\/li>\n<\/ul>\n","protected":false},"featured_media":344,"comment_status":"open","ping_status":"closed","template":"","meta":[],"product_cat":[25],"product_tag":[],"yoast_head":"<!-- This site is optimized with the Yoast SEO plugin v22.0 - https:\/\/yoast.com\/wordpress\/plugins\/seo\/ -->\n<title>La danseuse du vent sacr\u00e9 - lavoixdubumuntu.com<\/title>\n<meta name=\"description\" content=\"Dans un monde o\u00f9 la danse est la langage de l&#039;\u00e2me, Aya d\u00e9voile sa connexion profonde au myst\u00e8re du Vent Sacr\u00e9.\" \/>\n<meta name=\"robots\" content=\"index, follow, max-snippet:-1, max-image-preview:large, max-video-preview:-1\" \/>\n<link rel=\"canonical\" href=\"https:\/\/lavoixdubumuntu.com\/index.php\/produit\/la-danseuse-du-vent-sacre\/\" \/>\n<meta property=\"og:locale\" content=\"en_US\" \/>\n<meta property=\"og:type\" content=\"article\" \/>\n<meta property=\"og:title\" content=\"La danseuse du vent sacr\u00e9 - lavoixdubumuntu.com\" \/>\n<meta property=\"og:description\" content=\"Dans un monde o\u00f9 la danse est la langage de l&#039;\u00e2me, Aya d\u00e9voile sa connexion profonde au myst\u00e8re du Vent Sacr\u00e9.\" \/>\n<meta property=\"og:url\" content=\"https:\/\/lavoixdubumuntu.com\/index.php\/produit\/la-danseuse-du-vent-sacre\/\" \/>\n<meta property=\"og:site_name\" content=\"lavoixdubumuntu.com\" \/>\n<meta property=\"article:modified_time\" content=\"2024-04-30T07:23:03+00:00\" \/>\n<meta name=\"twitter:card\" content=\"summary_large_image\" \/>\n<meta name=\"twitter:image\" content=\"https:\/\/lavoixdubumuntu.com\/wp-content\/uploads\/2024\/01\/la-danseuse-du-vent-sacre-francais-.pdf-7.44-\u00d7-9.69-po-7.44-\u00d7-9.69-po-pdf.jpg\" \/>\n<meta name=\"twitter:label1\" content=\"Est. reading time\" \/>\n\t<meta name=\"twitter:data1\" content=\"1 minute\" \/>\n<script type=\"application\/ld+json\" class=\"yoast-schema-graph\">{\"@context\":\"https:\/\/schema.org\",\"@graph\":[{\"@type\":\"WebPage\",\"@id\":\"https:\/\/lavoixdubumuntu.com\/index.php\/produit\/la-danseuse-du-vent-sacre\/\",\"url\":\"https:\/\/lavoixdubumuntu.com\/index.php\/produit\/la-danseuse-du-vent-sacre\/\",\"name\":\"La danseuse du vent sacr\u00e9 - lavoixdubumuntu.com\",\"isPartOf\":{\"@id\":\"https:\/\/lavoixdubumuntu.com\/#website\"},\"datePublished\":\"2024-01-02T11:27:55+00:00\",\"dateModified\":\"2024-04-30T07:23:03+00:00\",\"description\":\"Dans un monde o\u00f9 la danse est la langage de l'\u00e2me, Aya d\u00e9voile sa connexion profonde au myst\u00e8re du Vent Sacr\u00e9.\",\"breadcrumb\":{\"@id\":\"https:\/\/lavoixdubumuntu.com\/index.php\/produit\/la-danseuse-du-vent-sacre\/#breadcrumb\"},\"inLanguage\":\"en-US\",\"potentialAction\":[{\"@type\":\"ReadAction\",\"target\":[\"https:\/\/lavoixdubumuntu.com\/index.php\/produit\/la-danseuse-du-vent-sacre\/\"]}]},{\"@type\":\"BreadcrumbList\",\"@id\":\"https:\/\/lavoixdubumuntu.com\/index.php\/produit\/la-danseuse-du-vent-sacre\/#breadcrumb\",\"itemListElement\":[{\"@type\":\"ListItem\",\"position\":1,\"name\":\"Accueil\",\"item\":\"https:\/\/lavoixdubumuntu.com\/\"},{\"@type\":\"ListItem\",\"position\":2,\"name\":\"Shop\",\"item\":\"https:\/\/lavoixdubumuntu.com\/index.php\/shop\/\"},{\"@type\":\"ListItem\",\"position\":3,\"name\":\"La danseuse du vent sacr\u00e9\"}]},{\"@type\":\"WebSite\",\"@id\":\"https:\/\/lavoixdubumuntu.com\/#website\",\"url\":\"https:\/\/lavoixdubumuntu.com\/\",\"name\":\"lavoixdubumuntu.com\",\"description\":\"\",\"publisher\":{\"@id\":\"https:\/\/lavoixdubumuntu.com\/#organization\"},\"potentialAction\":[{\"@type\":\"SearchAction\",\"target\":{\"@type\":\"EntryPoint\",\"urlTemplate\":\"https:\/\/lavoixdubumuntu.com\/?s={search_term_string}\"},\"query-input\":\"required name=search_term_string\"}],\"inLanguage\":\"en-US\"},{\"@type\":\"Organization\",\"@id\":\"https:\/\/lavoixdubumuntu.com\/#organization\",\"name\":\"lavoixdubumuntu.com\",\"url\":\"https:\/\/lavoixdubumuntu.com\/\",\"logo\":{\"@type\":\"ImageObject\",\"inLanguage\":\"en-US\",\"@id\":\"https:\/\/lavoixdubumuntu.com\/#\/schema\/logo\/image\/\",\"url\":\"https:\/\/lavoixdubumuntu.com\/wp-content\/uploads\/2023\/12\/cropped-lavoxlogo2-1.png\",\"contentUrl\":\"https:\/\/lavoixdubumuntu.com\/wp-content\/uploads\/2023\/12\/cropped-lavoxlogo2-1.png\",\"width\":2953,\"height\":1630,\"caption\":\"lavoixdubumuntu.com\"},\"image\":{\"@id\":\"https:\/\/lavoixdubumuntu.com\/#\/schema\/logo\/image\/\"}}]}<\/script>\n<!-- \/ Yoast SEO plugin. -->","yoast_head_json":{"title":"La danseuse du vent sacr\u00e9 - lavoixdubumuntu.com","description":"Dans un monde o\u00f9 la danse est la langage de l'\u00e2me, Aya d\u00e9voile sa connexion profonde au myst\u00e8re du Vent Sacr\u00e9.","robots":{"index":"index","follow":"follow","max-snippet":"max-snippet:-1","max-image-preview":"max-image-preview:large","max-video-preview":"max-video-preview:-1"},"canonical":"https:\/\/lavoixdubumuntu.com\/index.php\/produit\/la-danseuse-du-vent-sacre\/","og_locale":"en_US","og_type":"article","og_title":"La danseuse du vent sacr\u00e9 - lavoixdubumuntu.com","og_description":"Dans un monde o\u00f9 la danse est la langage de l'\u00e2me, Aya d\u00e9voile sa connexion profonde au myst\u00e8re du Vent Sacr\u00e9.","og_url":"https:\/\/lavoixdubumuntu.com\/index.php\/produit\/la-danseuse-du-vent-sacre\/","og_site_name":"lavoixdubumuntu.com","article_modified_time":"2024-04-30T07:23:03+00:00","twitter_card":"summary_large_image","twitter_image":"https:\/\/lavoixdubumuntu.com\/wp-content\/uploads\/2024\/01\/la-danseuse-du-vent-sacre-francais-.pdf-7.44-\u00d7-9.69-po-7.44-\u00d7-9.69-po-pdf.jpg","twitter_misc":{"Est. reading time":"1 minute"},"schema":{"@context":"https:\/\/schema.org","@graph":[{"@type":"WebPage","@id":"https:\/\/lavoixdubumuntu.com\/index.php\/produit\/la-danseuse-du-vent-sacre\/","url":"https:\/\/lavoixdubumuntu.com\/index.php\/produit\/la-danseuse-du-vent-sacre\/","name":"La danseuse du vent sacr\u00e9 - lavoixdubumuntu.com","isPartOf":{"@id":"https:\/\/lavoixdubumuntu.com\/#website"},"datePublished":"2024-01-02T11:27:55+00:00","dateModified":"2024-04-30T07:23:03+00:00","description":"Dans un monde o\u00f9 la danse est la langage de l'\u00e2me, Aya d\u00e9voile sa connexion profonde au myst\u00e8re du Vent Sacr\u00e9.","breadcrumb":{"@id":"https:\/\/lavoixdubumuntu.com\/index.php\/produit\/la-danseuse-du-vent-sacre\/#breadcrumb"},"inLanguage":"en-US","potentialAction":[{"@type":"ReadAction","target":["https:\/\/lavoixdubumuntu.com\/index.php\/produit\/la-danseuse-du-vent-sacre\/"]}]},{"@type":"BreadcrumbList","@id":"https:\/\/lavoixdubumuntu.com\/index.php\/produit\/la-danseuse-du-vent-sacre\/#breadcrumb","itemListElement":[{"@type":"ListItem","position":1,"name":"Accueil","item":"https:\/\/lavoixdubumuntu.com\/"},{"@type":"ListItem","position":2,"name":"Shop","item":"https:\/\/lavoixdubumuntu.com\/index.php\/shop\/"},{"@type":"ListItem","position":3,"name":"La danseuse du vent sacr\u00e9"}]},{"@type":"WebSite","@id":"https:\/\/lavoixdubumuntu.com\/#website","url":"https:\/\/lavoixdubumuntu.com\/","name":"lavoixdubumuntu.com","description":"","publisher":{"@id":"https:\/\/lavoixdubumuntu.com\/#organization"},"potentialAction":[{"@type":"SearchAction","target":{"@type":"EntryPoint","urlTemplate":"https:\/\/lavoixdubumuntu.com\/?s={search_term_string}"},"query-input":"required name=search_term_string"}],"inLanguage":"en-US"},{"@type":"Organization","@id":"https:\/\/lavoixdubumuntu.com\/#organization","name":"lavoixdubumuntu.com","url":"https:\/\/lavoixdubumuntu.com\/","logo":{"@type":"ImageObject","inLanguage":"en-US","@id":"https:\/\/lavoixdubumuntu.com\/#\/schema\/logo\/image\/","url":"https:\/\/lavoixdubumuntu.com\/wp-content\/uploads\/2023\/12\/cropped-lavoxlogo2-1.png","contentUrl":"https:\/\/lavoixdubumuntu.com\/wp-content\/uploads\/2023\/12\/cropped-lavoxlogo2-1.png","width":2953,"height":1630,"caption":"lavoixdubumuntu.com"},"image":{"@id":"https:\/\/lavoixdubumuntu.com\/#\/schema\/logo\/image\/"}}]}},"_links":{"self":[{"href":"https:\/\/lavoixdubumuntu.com\/index.php\/wp-json\/wp\/v2\/product\/343"}],"collection":[{"href":"https:\/\/lavoixdubumuntu.com\/index.php\/wp-json\/wp\/v2\/product"}],"about":[{"href":"https:\/\/lavoixdubumuntu.com\/index.php\/wp-json\/wp\/v2\/types\/product"}],"replies":[{"embeddable":true,"href":"https:\/\/lavoixdubumuntu.com\/index.php\/wp-json\/wp\/v2\/comments?post=343"}],"wp:featuredmedia":[{"embeddable":true,"href":"https:\/\/lavoixdubumuntu.com\/index.php\/wp-json\/wp\/v2\/media\/344"}],"wp:attachment":[{"href":"https:\/\/lavoixdubumuntu.com\/index.php\/wp-json\/wp\/v2\/media?parent=343"}],"wp:term":[{"taxonomy":"product_cat","embeddable":true,"href":"https:\/\/lavoixdubumuntu.com\/index.php\/wp-json\/wp\/v2\/product_cat?post=343"},{"taxonomy":"product_tag","embeddable":true,"href":"https:\/\/lavoixdubumuntu.com\/index.php\/wp-json\/wp\/v2\/product_tag?post=343"}],"curies":[{"name":"wp","href":"https:\/\/api.w.org\/{rel}","templated":true}]}}